
1001010001011
In base 3, what is 200 - -20112221200?
20112222100
In base 12, what is 0 - 51428?
-51428
In base 9, what is 13634 + -33?
13601
In base 7, what is 166025 - 31?
165664
In base 3, what is 222122002 + -121?
222121111
In base 11, what is 412 - 926?
-514
In base 5, what is 2200 - 340?
1310
In base 11, what is -24 + -213?
-237
In base 15, what is -20 + -77d9?
-7809
In base 13, what is -28 - 60c8?
-6123
In base 16, what is 99ce - 3?
99cb
In base 16, what is -7 - -6a6d?
6a66
In base 7, what is 2433 - -2?
2435
In base 13, what is a - c3c?
-c32
In base 8, what is 716 - -361?
1277
In base 9, what is 2735 - -3?
2738
In base 5, what is -102211 - -3?
-102203
In base 8, what is -16 - -5362?
5344
In base 11, what is -3 - 34135?
-34138
In base 8, what is 103123 + -2?
103121
In base 16, what is -f + -76e?
-77d
In base 15, what is -4 - 1022?
-1026
In base 15, what is -6dc - 363?
-a50
In base 7, what is -2614 + -13?
-2630
In base 9, what is -200423 + 8?
-200414
In base 10, what is -3 - -390681?
390678
In base 6, what is 241040 - 0?
241040
In base 16, what is -bb - 43?
-fe
In base 12, what is 0 - 12763?
-12763
In base 11, what is 221 - -484?
6a5
In base 16, what is c4cea - -1?
c4ceb
In base 13, what is -458a - 4?
-4591
In base 16, what is f + 103?
112
In base 16, what is 9 + -136d?
-1364
In base 4, what is 23220103131 + -2?
23220103123
In base 6, what is -15045 - -111?
-14534
In base 7, what is -13 + -622662?
-623005
In base 5, what is 3133 - 11404?
-3221
In base 4, what is 3031 - 1230?
1201
In base 9, what is 1 + -18682?
-18681
In base 5, what is 434242 + 42?
434334
In base 15, what is -1e - 29e?
-2bd
In base 14, what is 4 + 16259?
1625d
In base 7, what is -21 - 1553012?
-1553033
In base 8, what is 60 - -6642?
6722
In base 4, what is -112 - 12100?
-12212
In base 8, what is -21 + -61062?
-61103
In base 13, what is 3aa - -190?
56a
In base 14, what is 3 + -7148?
-7145
In base 8, what is -14771210 - 5?
-14771215
In base 5, what is -102 - -143321?
143214
In base 3, what is -1211 - 22121?
-101102
In base 10, what is 0 - -140?
140
In base 16, what is -79 + -130f?
-1388
In base 15, what is -2253c + 3?
-22539
In base 15, what is 224b7 + 1?
224b8
In base 10, what is -1376 - 31?
-1407
In base 4, what is 3 + -1310331?
-1310322
In base 5, what is -2 + -4222020?
-4222022
In base 10, what is -8 + 3541?
3533
In base 16, what is -3 - 31b9?
-31bc
In base 13, what is -1a5 + -19?
-1c1
In base 9, what is -16 + 8223?
8206
In base 7, what is -5 - 15455?
-15463
In base 10, what is 11328 + -344?
10984
In base 12, what is 972 + 66b?
1421
In base 15, what is 24d0 + 50?
2530
In base 15, what is -32800 - 1?
-32801
In base 8, what is 6 - 327364?
-327356
In base 10, what is 610 - -10?
620
In base 11, what is 31a1 + 1?
31a2
In base 2, what is 0 + 1000011111101101?
1000011111101101
In base 4, what is 11 + 322222323?
322223000
In base 7, what is 36 + 15021?
15060
In base 2, what is -1111110101101100111000 - -100?
-1111110101101100110100
In base 16, what is -1 + -1423?
-1424
In base 3, what is 2 - -1102210010?
1102210012
In base 14, what is -5689a - -4?
-56896
In base 14, what is 3 + -5b930?
-5b92b
In base 14, what is -28a032 - 5?
-28a037
In base 11, what is -25 - 10?
-35
In base 9, what is 3 + 32106?
32110
In base 2, what is 101 + 10010111101101?
10010111110010
In base 14, what is 112d2 + 36?
11328
In base 14, what is -3db - ad9?
-10d6
In base 7, what is 100 + 603?
1003
In base 11, what is 43a - 422?
18
In base 12, what is -92b - 17?
-946
In base 11, what is 51994 - 0?
51994
In base 14, what is b0 - -110?
1c0
In base 13, what is -1478a2 + -1?
-1478a3
In base 8, what is -1 + 26411?
26410
In base 6, what is 5 + -120353?
-120344
In base 2, what is 111 - -10010101101000110001?
10010101101000111000
In base 12, what is 3a5358 + -3?
3a5355
In base 14, what is dad12 - -1?
dad13
In base 10, what is 107918 + 2?
107920
In base 16, what is -e4 - 17f4?
-18d8
In base 6, what is 4124151 + -3?
4124144
In base 6, what is -422 - 5123?
-5545
In base 12, what is 36 + -191?
-157
In base 15, what is -1697 - 1?
-1698
In base 16, what is 1 + 920d?
920e
In base 9, what is -7653 - -16?
-7636
In base 5, what is 2 + 231113?
231120
In base 11, what is 20876 - -5?
20880
In base 13, what is -3b - -478?
43a
In base 10, what is 0 - 7251?
-7251
In base 8, what is -1502 + -344?
-2046
In base 12, what is -318 + 80?
-258
In base 15, what is -1264 - e?
-1273
In base 9, what is -7 - -18482?
18474
In base 7, what is 343113 + 0?
343113
In base 11, what is -27 - -1700?
1684
In base 13, what is -1742a - -2?
-17428
In base 12, what is -11240 + 31?
-1120b
In base 5, what is 11440 + 1200?
13140
In base 4, what is -331 + 33200?
32203
In base 14, what is -41c + -1c0?
-5dc
In base 13, what is -1c3 - c2?
-2b5
In base 11, what is -6 - 81315?
-81320
In base 16, what is d589 - -19?
d5a2
In base 16, what is 38b - -6?
391
In base 11, what is -2 - -20074?
20072
In base 15, what is 1a417a + 3?
1a417d
In base 7, what is -3363010 - 4?
-3363014
In base 6, what is 1 + 10012434?
10012435
In base 6, what is 5315144 + -51?
5315053
In base 14, what is 2 + -7b31c?
-7b31a
In base 12, what is 166 + -b5?
71
In base 14, what is 357a9 + 3?
357ac
In base 4, what is 20 + 23000303?
23000323
In base 7, what is 14 - 1054546?
-1054532
In base 8, what is 16615 - 5?
16610
In base 11, what is 2513 + 336?
2849
In base 2, what is -11 - 10010111111011010?
-10010111111011101
In base 4, what is -10 + 3133102?
3133032
In base 13, what is -69163 + 7?
-69159
In base 12, what is 60a + 195?
7a3
In base 3, what is -1120211 + -122?
-1121110
In base 12, what is -4350 + 3?
-4349
In base 11, what is 6 - 6871?
-6866
In base 5, what is 1021 - -12213?
13234
In base 5, what is 1224433 - 113?
1224320
In base 7, what is 5 + -1245323?
-1245315
In base 8, what is -11 + 621500?
621467
In base 7, what is 4 + -14124?
-14120
In base 9, what is 71 - -344?
425
In base 3, what is 110110210 - -201?
110111111
In base 4, what is -121 - 23130133?
-23130320
In base 16, what is -97074f + -5?
-970754
In base 16, what is -26d9 - -1b?
-26be
In base 14, what is 1417 - -5?
141c
In base 16, what is 3 - 1e36f?
-1e36c
In base 14, what is 6691 - -c?
669d
In base 13, what is -18 - -703a5?
7038a
In base 6, what is 0 + 242124?
242124
In base 12, what is 2 - 5683b?
-56839
In base 10, what is 15 + -2015?
-2000
In base 9, what is -184 + -11074?
-11268
In base 10, what is 0 - 2285?
-2285
In base 5, what is -2031 - 3?
-2034
In base 12, what is 6 - 46b0?
-46a6
In base 3, what is 100120 + 10100000?
10200120
In base 4, what is 231 - 10302?
-10011
In base 15, what is -17e22 - -d?
-17e14
In base 13, what is 5 - 557b?
-5576
In base 4, what is 211233 - -31?
211330
In base 8, what is 120257 + 0?
120257
In base 10, what is 619 + -662?
-43
In base 14, what is -33a - 25b?
-597
In base 9, what is 202 - -48?
251
In base 13, what is -1c + 451?
432
In base 13, what is -3b6ba + -1?
-3b6bb
In base 2, what is 101100 - 11011100111?
-11010111011
In base 13, what is 6b5 - -50?
735
In base 11, what is 109 + -2?
107
In base 9, what is -827 - 44?
-872
In base 2, what is -10110100 - -1011110001001?
1011011010101
In base 9, what is -3467 - 22?
-3500
In base 5, what is 33310242 - 2?
33310240
In base 8, what is -10770 - 111?
-11101
In base 10, what is -9120 - 8?
-9128
In base 15, what is 9 + -de3b?
-de32
In base 16, what is 36e - 3c?
332
In base 6, what is -321 - -14022?
13301
In base 16, what is -3d9d - 6?
-3da3
In base 11, what is 1a93 + -a2?
19a1
In base 3, what is -121110200 + 111?
-121110012
In base 2, what is -110000 - 1010000011101?
-1010001001101
In base 4, what is -111302 - -102?
-111200
In base 3, what is 10202222 + 1112?
10211111
In base 10, what is -1 + -124105?
-124106
In base 10, what is 0 + -13668?
-13668
In base 15, what is b + 5c1b?
5c27
In base 15, what is 97 - -219?
2b1
In base 13, what is 3a22c - 2?
3a22a
In base 2, what is -100110001011011 + -110?
-100110001100001
In base 6, what is -235 - 13153?
-13432
In base 9, what is 46 - -4851?
5007
In base 13, what is -4347 - 0?
-4347
In base 3, what is -102 - 10012222?
-10020101
In base 13, what is 17c3 - -139?
192c
In base 2, what is -11 + -1100010011011010101?
-1100010011011011000
In base 16, what is 3b + -53c?
-501
In base 4, what is 1 - 10123003?
-10123002
In base 8, wh